{"id":363,"date":"2018-08-31T07:42:29","date_gmt":"2018-08-31T07:42:29","guid":{"rendered":"http:\/\/werbegemeinschaft-dassel.de\/dsgvo\/?page_id=363"},"modified":"2021-12-16T08:55:12","modified_gmt":"2021-12-16T07:55:12","slug":"datenschutzerklaerung-2","status":"publish","type":"page","link":"https:\/\/werbegemeinschaft-dassel.de\/ghida\/?page_id=363","title":{"rendered":"Datenschutzerkl\u00e4rung"},"content":{"rendered":"<h2>Wer wir sind<\/h2>\n<p>Die Adresse unserer Website ist: https:\/\/werbegemeinschaft-dassel.de <\/p>\n<h4>Werbegemeinschaft Dassel e.V.<br \/>\nK\u00f6nigsberger Str. 6<br \/>\n37586 Dassel <br \/>\nEmail: info(at)werbegemeinschaft-dassel.de<\/h4>\n<p>weitere Kontaktdaten finden Sie im <a href=\"https:\/\/werbegemeinschaft-dassel.de\/impressum\/\">Impressum<\/a>\n<\/p>\n<h2>Welche personenbezogenen Daten wir sammeln und warum wir diese sammeln<\/h2>\n<p><!--h3>Kommentare<\/h3>\n\n\n\n\n<p>Wenn Besucher Kommentare auf der Website schreiben, sammeln wir die Daten, die im Kommentar-Formular angezeigt werden, au\u00dferdem die IP-Adresse des Besuchers und den User-Agent-String (damit wird der Browser identifiziert), um die Erkennung von Spam zu unterst\u00fctzen.<\/p>\n\n\n\n\n<p>Aus deiner E-Mail-Adresse kann eine anonymisierte Zeichenfolge erstellt (auch Hash genannt) und dem Gravatar-Dienst \u00fcbergeben werden, um zu pr\u00fcfen, ob du diesen benutzt. Die Datenschutzerkl\u00e4rung des Gravatar-Dienstes findest du hier: https:\/\/automattic.com\/privacy\/. Nachdem dein Kommentar freigegeben wurde, ist dein Profilbild \u00f6ffentlich im Kontext deines Kommentars sichtbar.<\/p>\n\n\n\n\n<h3>Medien<\/h3>\n\n\n\n<p>Wenn du ein registrierter Benutzer bist und Fotos auf diese Website l\u00e4dst, solltest du vermeiden, Fotos mit einem EXIF-GPS-Standort hochzuladen. Besucher dieser Website k\u00f6nnten Fotos, die auf dieser Website gespeichert sind, herunterladen und deren Standort-Informationen extrahieren.<\/p-->\n<p><!--h3>Kontaktformulare<\/h3>\n\n\n\n\n<p>Bei Ihren \u00fcbermittelten Daten, f\u00fcr das Kontaktformular, werden diese f\u00fcr den Zeitraum der Bearbeitung und zur Beantwortung Ihrer Fragen gespeichert, \nw\u00e4hrend Sie aber nicht f\u00fcr Marketing-Zwecke verwendet werden.<\/p-->\n<p><\/p>\n<h3>Cookies<\/h3>\n<h4>Welche Cookies werden durch mein Produkt gesetzt?<\/h4>\n<p><\/p>\n<p>Grundlegend verwendet jede Website Session-Cookies. Session-Cookies speichern den Internetaufruf tempor\u00e4r und werden mit dem Schlie\u00dfen des Browsers gel\u00f6scht. Diese Art von Cookies speichert keine Informationen \u00fcber den Benutzer.<\/p>\n<p>Auf Unserer Webseite kommen weiter sogenannte &#8220;Cookies&#8221; zum Einsatz. Dabei handelt es sich um kleine Textdateien, die es erm\u00f6glichen, auf dem Zugriffsger\u00e4t der Nutzer (PC, Smartphone o.\u00e4.) spezifische, auf das Ger\u00e4t bezogene Informationen zu speichern. <br \/>\nCookies k\u00f6nnen nicht verwendet werden, um Programme zu starten oder Viren auf einen Computer zu \u00fcbertragen. Anhand der in Cookies enthaltenen Informationen k\u00f6nnen wir Ihnen die Navigation erleichtern und die korrekte Anzeige unserer Webseiten erm\u00f6glichen.<br \/>\nIn keinem Fall werden die von uns erfassten Daten an Dritte weitergegeben oder ohne Ihre Einwilligung eine Verkn\u00fcpfung mit personenbezogenen Daten hergestellt.<br \/>\nNat\u00fcrlich k\u00f6nnen Sie unsere Website grunds\u00e4tzlich auch ohne Cookies betrachten. Internet-Browser sind f\u00fcr gew\u00f6hnlich so eingestellt, dass sie Cookies akzeptieren. Sie k\u00f6nnen die Verwendung von Cookies jederzeit \u00fcber die Einstellungen Ihres Browsers deaktivieren. Bitte beachten Sie in diesem Fall, dass einzelne Funktionen unserer Website nicht funktionieren k\u00f6nnten, wenn Sie die Verwendung von Cookies deaktiviert haben.<\/p>\n<p>Wenn du einen Kommentar auf unserer Website schreibst, kann das eine Einwilligung sein, deinen Namen, E-Mail-Adresse und Website in Cookies zu speichern. Dies ist eine Komfortfunktion, damit du nicht, wenn du einen weiteren Kommentar schreibst, all diese Daten erneut eingeben musst. Diese Cookies werden ein Jahr lang gespeichert.<\/p>\n<p>Falls du ein Konto hast und dich auf dieser Website anmeldest, werden wir ein tempor\u00e4res Cookie setzen, um festzustellen, ob dein Browser Cookies akzeptiert. Dieses Cookie enth\u00e4lt keine personenbezogenen Daten und wird verworfen, wenn du deinen Browser schlie\u00dft.<\/p>\n<p>Wenn du dich anmeldest, werden wir einige Cookies einrichten, um deine Anmeldeinformationen und Anzeigeoptionen zu speichern. Anmelde-Cookies verfallen nach zwei Tagen und Cookies f\u00fcr die Anzeigeoptionen nach einem Jahr. Falls du bei der Anmeldung \u201eAngemeldet bleiben\u201c ausw\u00e4hlst, wird deine Anmeldung zwei Wochen lang aufrechterhalten. Mit der Abmeldung aus deinem Konto werden die Anmelde-Cookies gel\u00f6scht.<\/p>\n<p>Wenn du einen Artikel bearbeitest oder ver\u00f6ffentlichst, wird ein zus\u00e4tzlicher Cookie in deinem Browser gespeichert. Dieser Cookie enth\u00e4lt keine personenbezogenen Daten und verweist nur auf die Beitrags-ID des Artikels, den du gerade bearbeitet hast. Der Cookie verf\u00e4llt nach einem Tag.<\/p>\n<p>Diese Website verwendet Cookies zur pseudonymisierten Reichweitenmessung, die entweder von unserem Server oder dem Server Dritter an den Browser des Nutzers \u00fcbertragen werden. Bei Cookies handelt es sich um kleine Dateien, welche auf Ihrem Endger\u00e4t gespeichert werden. Ihr Browser greift auf diese Dateien zu. Durch den Einsatz von Cookies erh\u00f6ht sich die Benutzerfreundlichkeit und Sicherheit dieser Website.<br \/>\nFalls Sie nicht m\u00f6chten, dass Cookies zur Reichweitenmessung auf Ihrem Endger\u00e4t gespeichert werden, k\u00f6nnen Sie dem Einsatz dieser Dateien hier widersprechen:<\/p>\n<p>\u2022 Cookie-Deaktivierungsseite der Netzwerkwerbeinitiative: http:\/\/optout.networkadvertising.org\/?c=1#!\/<br \/>\n\u2022 Cookie-Deaktivierungsseite der US-amerikanischen Website: http:\/\/optout.aboutads.info\/?c=2#!\/<br \/>\n\u2022 Cookie-Deaktivierungsseite der europ\u00e4ischen Website: http:\/\/optout.networkadvertising.org\/?c=1#!\/<\/p>\n<p>G\u00e4ngige Browser bieten die Einstellungsoption, Cookies nicht zuzulassen. Hinweis: Es ist nicht gew\u00e4hrleistet, dass Sie auf alle Funktionen dieser Website ohne Einschr\u00e4nkungen zugreifen k\u00f6nnen, wenn Sie entsprechende Einstellungen vornehmen.<\/p>\n<h3>Eingebettete Inhalte von anderen Websites<\/h3>\n<p>Beitr\u00e4ge auf dieser Website k\u00f6nnen eingebettete Inhalte beinhalten (z.&nbsp;B. Videos, Bilder, Beitr\u00e4ge etc.). Eingebettete Inhalte von anderen Websites verhalten sich exakt so, als ob der Besucher die andere Website besucht h\u00e4tte.<\/p>\n<p>Diese Websites k\u00f6nnen Daten \u00fcber dich sammeln, Cookies benutzen, zus\u00e4tzliche Tracking-Dienste von Dritten einbetten und deine Interaktion mit diesem eingebetteten Inhalt aufzeichnen, inklusive deiner Interaktion mit dem eingebetteten Inhalt, falls du ein Konto hast und auf dieser Website angemeldet bist.<\/p>\n<h3>Analysedienste<\/h3>\n<p>Strato.de(unser Webhosting Anbieter) nutzt beim Aufruf unserer Webseite die IP-Adressen der Besucher um diese zu erfassen und in Logfiles zu speichern. <br \/> Die IP-Adressen unserer Besucher speichert Strato.de zur Erkennung und Abwehr von Angriffen maximal sieben Tage.\n<\/p>\n<p><!--h2>Mit wem wir deine Daten teilen<\/h2-->\n<h2>Wie lange wir deine Daten speichern<\/h2>\n<p>Standartm\u00e4\u00dfig werden Daten aus Kontaktformulardaten f\u00fcr sechs Monate, Statistikdaten f\u00fcr ein Jahr und Bestelldaten f\u00fcr zehn Jahre aufbewahrt.<\/p>\n<p><!--p>Wenn du einen Kommentar schreibst, wird dieser inklusive Metadaten zeitlich unbegrenzt gespeichert. Auf diese Art k\u00f6nnen wir Folgekommentare automatisch erkennen und freigeben, anstelle sie in einer Moderations-Warteschlange festzuhalten.<\/p>\n\n\n\n\n<p>F\u00fcr Benutzer, die sich auf unserer Website registrieren, speichern wir zus\u00e4tzlich die pers\u00f6nlichen Informationen, die sie in ihren Benutzerprofilen angeben. Alle Benutzer k\u00f6nnen jederzeit ihre pers\u00f6nlichen Informationen einsehen, ver\u00e4ndern oder l\u00f6schen (der Benutzername kann nicht ver\u00e4ndert werden). Administratoren der Website k\u00f6nnen diese Informationen ebenfalls einsehen und ver\u00e4ndern.<\/p-->\n<h2>Welche Rechte du an deinen Daten hast<\/h2>\n<p>Wenn du ein Konto auf dieser Website besitzt oder Kommentare geschrieben hast, kannst du einen Export deiner personenbezogenen Daten bei uns anfordern, inklusive aller Daten, die du uns mitgeteilt hast. Dar\u00fcber hinaus kannst du die L\u00f6schung aller personenbezogenen Daten, die wir von dir gespeichert haben, anfordern. Dies umfasst nicht die Daten, die wir aufgrund administrativer, rechtlicher oder sicherheitsrelevanter Notwendigkeiten aufbewahren m\u00fcssen.<\/p>\n<h2>Wohin wir deine Daten senden<\/h2>\n<p>Besucher-Kommentare k\u00f6nnten von einem automatisierten Dienst zur Spam-Erkennung untersucht werden.<\/p>\n<h2>Deine Kontakt-Informationen<\/h2>\n<ul>\n<li><strong>Ansprechpartner<\/strong><br \/>\n                 Axel Freund (1.Vorsitzender) <\/li>\n<li><strong>Anschrift<\/strong><br \/>\n                Werbegemeinschaft Dassel e.V. <br \/>\n                Erholungsheimstr. 52 <br \/>\n                37586 Dassel  <\/li>\n<li><strong> E-Mail<\/strong> <br \/>\n                 info(at)werbegemeinschaft-dassel.de <\/li>\n<\/ul>\n<h2>Weitere Informationen<\/h2>\n<p> f\u00fcr weitere informationen oder bei Fehlern auf der Webseite bitten wir Sie um Kontakt \u00fcber unsere Email (info(at)werbegemeinschaft-dassel.de)<br \/>\nErstellt wurde die Seite durch Sven Hesse.<br \/>\n<!--h3>Wie wir deine Daten sch\u00fctzen<\/h3>\n\n\n\n\n<h3>Welche Ma\u00dfnahmen wir bei Datenschutzverletzungen anbieten<\/h3>\n\n\n\n\n<h3>Von welchen Drittanbietern wir Daten erhalten<\/h3>\n\n\n\n\n<h3>Welche automatisierte Entscheidungsfindung und\/oder Profilerstellung wir mit Benutzerdaten durchf\u00fchren<\/h3>\n\n\n\n\n<h3>Industrielle aufsichtsrechtliche Regulierungsanforderungen<\/h3-->\n","protected":false},"excerpt":{"rendered":"<p>Wer wir sind Die Adresse unserer Website ist: https:\/\/werbegemeinschaft-dassel.de Werbegemeinschaft Dassel e.V. K\u00f6nigsberger Str. 6 37586 Dassel Email: info(at)werbegemeinschaft-dassel.de weitere Kontaktdaten finden Sie im Impressum Welche personenbezogenen Daten wir sammeln und warum wir diese sammeln Cookies Welche Cookies werden durch mein Produkt gesetzt? Grundlegend verwendet jede Website Session-Cookies. Session-Cookies speichern den Internetaufruf tempor\u00e4r und werden&#8230; <a href=\"https:\/\/werbegemeinschaft-dassel.de\/ghida\/?page_id=363\" class=\"more-link\">Continue reading <span class=\"screen-reader-text\">Datenschutzerkl\u00e4rung<\/span><\/a><\/p>\n","protected":false},"author":1,"featured_media":0,"parent":0,"menu_order":0,"comment_status":"closed","ping_status":"closed","template":"","meta":{"footnotes":""},"class_list":["post-363","page","type-page","status-publish","hentry"],"_links":{"self":[{"href":"https:\/\/werbegemeinschaft-dassel.de\/ghida\/index.php?rest_route=\/wp\/v2\/pages\/363","targetHints":{"allow":["GET"]}}],"collection":[{"href":"https:\/\/werbegemeinschaft-dassel.de\/ghida\/index.php?rest_route=\/wp\/v2\/pages"}],"about":[{"href":"https:\/\/werbegemeinschaft-dassel.de\/ghida\/index.php?rest_route=\/wp\/v2\/types\/page"}],"author":[{"embeddable":true,"href":"https:\/\/werbegemeinschaft-dassel.de\/ghida\/index.php?rest_route=\/wp\/v2\/users\/1"}],"replies":[{"embeddable":true,"href":"https:\/\/werbegemeinschaft-dassel.de\/ghida\/index.php?rest_route=%2Fwp%2Fv2%2Fcomments&post=363"}],"version-history":[{"count":13,"href":"https:\/\/werbegemeinschaft-dassel.de\/ghida\/index.php?rest_route=\/wp\/v2\/pages\/363\/revisions"}],"predecessor-version":[{"id":465,"href":"https:\/\/werbegemeinschaft-dassel.de\/ghida\/index.php?rest_route=\/wp\/v2\/pages\/363\/revisions\/465"}],"wp:attachment":[{"href":"https:\/\/werbegemeinschaft-dassel.de\/ghida\/index.php?rest_route=%2Fwp%2Fv2%2Fmedia&parent=363"}],"curies":[{"name":"wp","href":"https:\/\/api.w.org\/{rel}","templated":true}]}}